{"id":80,"date":"2025-09-26T19:02:04","date_gmt":"2025-09-26T19:02:04","guid":{"rendered":"https:\/\/talentocordillera.com\/?page_id=80"},"modified":"2025-09-26T19:26:17","modified_gmt":"2025-09-26T19:26:17","slug":"imprint","status":"publish","type":"page","link":"https:\/\/talentocordillera.com\/?page_id=80","title":{"rendered":"Imprint"},"content":{"rendered":"\t\t<div data-elementor-type=\"wp-page\" data-elementor-id=\"80\" class=\"elementor elementor-80\" data-elementor-post-type=\"page\">\n\t\t\t\t<div class=\"elementor-element elementor-element-1519d2d e-flex e-con-boxed e-con e-parent\" data-id=\"1519d2d\" data-element_type=\"container\" data-e-type=\"container\">\n\t\t\t\t\t<div class=\"e-con-inner\">\n\t\t\t\t\t<\/div>\n\t\t\t\t<\/div>\n\t\t<div class=\"elementor-element elementor-element-8f21e66 e-flex e-con-boxed e-con e-parent\" data-id=\"8f21e66\" data-element_type=\"container\" data-e-type=\"container\">\n\t\t\t\t\t<div class=\"e-con-inner\">\n\t\t\t\t<div class=\"elementor-element elementor-element-ceab068 elementor-widget elementor-widget-heading\" data-id=\"ceab068\" data-element_type=\"widget\" data-e-type=\"widget\" data-widget_type=\"heading.default\">\n\t\t\t\t\t<h2 class=\"elementor-heading-title elementor-size-default\">Impressum<\/h2>\t\t\t\t<\/div>\n\t\t\t\t\t<\/div>\n\t\t\t\t<\/div>\n\t\t<div class=\"elementor-element elementor-element-440fc7e e-flex e-con-boxed e-con e-parent\" data-id=\"440fc7e\" data-element_type=\"container\" data-e-type=\"container\">\n\t\t\t\t\t<div class=\"e-con-inner\">\n\t\t\t\t<div class=\"elementor-element elementor-element-b71b1fd elementor-widget elementor-widget-text-editor\" data-id=\"b71b1fd\" data-element_type=\"widget\" data-e-type=\"widget\" data-widget_type=\"text-editor.default\">\n\t\t\t\t\t\t\t\t\t<h2 id=\"m46\">Diensteanbieter<\/h2>\n<p>Corporaci\u00f3n Talento Cordillera<\/p>\n<p>Calle 59 #45-23<\/p>\n<p>050015 Medell\u00edn<\/p>\n<p>Kolumbien<\/p>\n<h2 id=\"m56\">Kontaktm\u00f6glichkeiten<\/h2>\n<p>E-Mail-Adresse: <a href=\"mailto:info@talentocordillera.com\">info@talentocordillera.com<\/a><\/p>\n<p>Telefon: +57 311 4372 776<\/p>\n<h2 id=\"m153\">Vertretungsberechtigte Personen<\/h2>\n<p>Vertretungsberechtigt: Laura Grisales Rend\u00f3n Representante Legal<\/p>\t\t\t\t\t\t\t\t<\/div>\n\t\t\t\t\t<\/div>\n\t\t\t\t<\/div>\n\t\t\t\t<\/div>\n\t\t","protected":false},"excerpt":{"rendered":"<p>Impressum Diensteanbieter Corporaci\u00f3n Talento Cordillera Calle 59 #45-23 050015 Medell\u00edn Kolumbien Kontaktm\u00f6glichkeiten E-Mail-Adresse: info@talentocordillera.com Telefon: +57 311 4372 776 Vertretungsberechtigte Personen Vertretungsberechtigt: Laura Grisales Rend\u00f3n Representante Legal<\/p>\n","protected":false},"author":1,"featured_media":0,"parent":0,"menu_order":0,"comment_status":"closed","ping_status":"closed","template":"","meta":{"footnotes":""},"class_list":["post-80","page","type-page","status-publish","hentry"],"_links":{"self":[{"href":"https:\/\/talentocordillera.com\/index.php?rest_route=\/wp\/v2\/pages\/80","targetHints":{"allow":["GET"]}}],"collection":[{"href":"https:\/\/talentocordillera.com\/index.php?rest_route=\/wp\/v2\/pages"}],"about":[{"href":"https:\/\/talentocordillera.com\/index.php?rest_route=\/wp\/v2\/types\/page"}],"author":[{"embeddable":true,"href":"https:\/\/talentocordillera.com\/index.php?rest_route=\/wp\/v2\/users\/1"}],"replies":[{"embeddable":true,"href":"https:\/\/talentocordillera.com\/index.php?rest_route=%2Fwp%2Fv2%2Fcomments&post=80"}],"version-history":[{"count":4,"href":"https:\/\/talentocordillera.com\/index.php?rest_route=\/wp\/v2\/pages\/80\/revisions"}],"predecessor-version":[{"id":85,"href":"https:\/\/talentocordillera.com\/index.php?rest_route=\/wp\/v2\/pages\/80\/revisions\/85"}],"wp:attachment":[{"href":"https:\/\/talentocordillera.com\/index.php?rest_route=%2Fwp%2Fv2%2Fmedia&parent=80"}],"curies":[{"name":"wp","href":"https:\/\/api.w.org\/{rel}","templated":true}]}}